w**2 - 1/3*w**3 - 1/2*w**4 - 10 + w. Calculate k(1).
-3
Let k(y) = -4*y - 2. Suppose v - 14 = 2*t, 17 = -0*v + v - 3*t. Let n be -2 - ((-4)/2 + 2). Let m be 12/16*(-2)/n*v. What is k(m)?
-26
Let d = 474 + -480. Let w be (7/((-56)/d))/((-12)/(-48)). Let y(c) = 3*c**2 + c - 6. Let n(m) = -m**2 + 1. Let l(v) = 2*n(v) + y(v). Calculate l(w).
8
Suppose -19 - 16 = 5*h. Let n = h + 3. Let k(z) = -2 + 4*z**2 - 3*z - 2 + 2*z + 2 + z**3. What is k(n)?
2
Let r be (-72)/(-33) - 2 - -40*128/880. Let y(f) = f**2 + 55*f - 372. What is y(r)?
-6
Let t(h) = h**3 + 11*h**2 + 9*h - 1. Let x be (-1552)/160 - (-33)/(-110). Determine t(x).
9
Let v(n) = n**3 + 3*n**2 - 2*n - 7. Let t(y) = -5*y**2 - 15 - 1476*y + 0*y**2 + 1444*y. Let h be t(-6). Give v(h).
-1
Let z(j) be the second derivative of j**5/60 + j**4/3 + 40*j**2 + 266*j. Let p(l) be the first derivative of z(l). Determine p(-6).
-12
Let o(b) = -2*b**3 + 4*b**2 + 1. Let m(u) = 44*u - 4881. Let f be m(111). Give o(f).
-17
Let o(g) = g - 5. Suppose 6 = -p - 5*c, 3 + 1 = -p - 3*c. Let y = 5 + p. Give o(y).
-1
Let g(a) = -4*a**2 - 21*a - 20. Let d = 5261 - 5270. Give g(d).
-155
Let a(v) = 3*v - 16. Suppose 2792*p - 70 = 2802*p. Determine a(p).
-37
Let t(b) = 102*b**2 + 412*b - 32. Let i(l) = -33*l**2 - 137*l + 9. Let q(g) = 7*i(g) + 2*t(g). What is q(-5)?
-1
Let r(b) = 6*b**3 - b**2 + 10*b - 27. Let t(k) = 13*k**3 - k**2 + 24*k - 58. Let a(c) = 9*r(c) - 4*t(c). What is a(5)?
84
Let s(j) = 14*j**2 - 8*j + 9. Let q be s(1). Let l(i) = -2*i + 14*i**2 + 7 - q*i**2 - i + 0*i. Determine l(-6).
-11
Let d(q) be the third derivative of -q**4/24 - 5*q**3/3 - 186*q**2. Suppose 4*u + c - 6 = u, c + 6 = 3*u. Suppose u*h + 3*h = -50. Give d(h).
0
Let k = 3992 - 3990. Let p(v) be the first derivative of -1/2*v**k + 6*v - 4. Determine p(8).
-2
Let b(g) = -19*g + 126. Let q be 2600/200 - (-2 - -8). Determine b(q).
-7
Let s(p) = 10*p - 278. Let f(q) = -18*q - 170. Let a be f(-11). Let v be s(a). Let j(l) = -3*l**3 + 5*l**2 - 4*l + 3. What is j(v)?
-9
Let u(l) = -19*l**2 + 3328*l + 15*l**2 + 28 - 3321*l. Determine u(4).
-8
Let a(b) = -2*b**3 - 2 + 46*b - 16*b - 10*b - 3*b**2 + 2*b**2 - 18*b. Give a(-2).
6
Let r(v) = -v**3 + v**2 + v + 7. Let x be ((-6)/(-8))/((-42)/(-112)). Suppose x*j + 2*j = 7*j. Determine r(j).
7
Let b(a) = -3*a + 45. Suppose -21*j - 19 = -20*j + 3*g, 0 = g + 2. What is b(j)?
84
Let o(x) = 2*x + 29. Let b be o(-14). Let n(g) = b - g + 0 + 4 - 2. Calculate n(-4).
7
Let f = 5 + 5. Let c(p) = -p + 6 + 124*p**2 - 6 - 126*p**2 - f*p**3. What is c(-1)?
9
Suppose -2*x + 6 = b, -2*b - x - 10 + 16 = 0. Let q(l) = -b + 0 - 21*l + 24*l. Calculate q(-5).
-17
Let a(f) = -2*f**2 + 19*f + 11. Let n(v) = -15*v**2 + 14*v + 10. Let p(s) = -2*s**2 - s. Let y(c) = n(c) - 6*p(c). Let h(w) = -4*a(w) + 3*y(w). What is h(-15)?
1
Let x(j) = j**3 + j - 7. Suppose 288*d = 286*d - 192. Let c = 96 + d. Calculate x(c).
-7
Let n(r) = r**3 - 63*r**2 + 572*r - 2. Let a be n(52). Let z(u) be the third derivative of 7*u**4/12 + u**3/3 + 3*u**2. Determine z(a).
-26
Let h(i) = -i**3 - 2*i**2 + i + 2. Let t(r) = -11*r**3 - 16*r**2 + 9*r + 14. Let m(y) = -7*h(y) + t(y). Give m(2).
-36
Let x(o) = -3*o**3 + 7*o**2 - 9*o + 8. Let u be x(2). Let a(i) = -11*i - 7. Let d(t) = 16*t + 11. Let s(v) = 7*a(v) + 5*d(v). Give s(u).
-12
Let n(w) = -50*w + 5. Suppose 0 = -13*v - 34*v + 111 - 64. Determine n(v).
-45
Suppose -28*n - 60 = -16*n. Let c(a) be the first derivative of -5*a**2/2 - 6*a + 45. Give c(n).
19
Let n(c) be the second derivative of 22*c + 1 - 7/3*c**3 + 0*c**2. Give n(1).
-14
Let p(n) be the first derivative of -n**3/3 + 5*n**2 - 4*n + 698. Calculate p(10).
-4
Let y(j) = j**2 + 29*j - 56. Let m(r) = r**2 + 33*r - 67. Let k(q) = -4*m(q) + 5*y(q). Determine k(-4).
-48
Let q(c) be the third derivative of 1 + 1/24*c**4 + 0*c + 26*c**2 - 2*c**3. Give q(6).
-6
Let b(f) be the second derivative of 0 + 1/20*f**5 + 0*f**4 - f**3 - 253*f + 0*f**2. Calculate b(-3).
-9
Let o = 12 + -8. Let a be (441/(-35) + -1)/((-2)/5). Let r(s) = -3 - 1 - 63*s + 28*s + a*s. Calculate r(o).
-8
Let o be (20/25)/((-3)/15*2). Let h be 1 + 1 + o + -9. Let v(j) = j**2 + 10*j + 5. What is v(h)?
-4
Let v be 3/(2/((-4 - -5) + 1)). Let w(i) = -3*i - 2. Let m(u) = -8*u - 11. Let y(z) = -m(z) + 4*w(z). Calculate y(v).
-9
Let p(y) = -18*y + 6. Let k(g) = -52*g + 10. Let u(f) = 5*k(f) - 14*p(f). Determine u(0).
-34
Let a(y) = y**2 + 13*y + 13. Suppose -47*n + 28 - 639 = 0. Determine a(n).
13
Let h be (48/(-28))/(-3 - 286/(-91)). Let n(j) = 4*j + 42. Determine n(h).
-6
Let g(o) = 3*o**2 - 3*o**2 + o**2 - 5 + 5*o. Let n(b) = -b**3 - 5*b**2 - 28*b - 144. Let c be n(-5). Calculate g(c).
-9
Let z = -5496 - -16489/3. Let l(q) be the first derivative of 3/2*q**2 - 2*q + 6 - z*q**3. Calculate l(6).
-20
Let f(k) be the first derivative of -k**4/4 + 8*k**3/3 - 3*k**2 - 11*k + 378. Give f(7).
-4
Let p(a) = -a**2 + 5*a - 10. Suppose 41*x = -3118 - 2130. Let z = x - -132. What is p(z)?
-6
Let o(p) be the third derivative of -p**6/180 - p**4/24 - 14*p**3 + 3*p**2 - 21. Let u(j) be the first derivative of o(j). What is u(-1)?
-3
Let f(y) = -5*y + 2*y**2 + 15 + 25*y - 3*y**2. Let k be f(15). Let v(d) = 1 - 39*d**3 - 41*d**3 - d**2 + k*d**3. Determine v(-1).
-10
Suppose 0 = -24*i - 3*i + 3942. Let a = i - 135. Let h(g) = -2*g + 15. Determine h(a).
-7
Let g(w) be the third derivative of 0*w + 0*w**3 - 56*w**2 + 1/8*w**4 + 0. What is g(4)?
12
Let k be 3*-2*2/(-4). Let r(i) be the second derivative of -1/6*i**4 + 18*i - 1/2*i**3 + 0 + 1/20*i**5 - 2*i**2. Give r(k).
-4
Let g = -284 - -287. Let z(b) = 303*b + b**3 - g + 23*b**2 - 28*b**2 - 310*b. Determine z(6).
-9
Let p(j) = -5*j**2 - j. Let b be p(1). Let v(c) = -3 + 28*c - 69*c + 30*c. Let u(t) = -t. Let q(m) = 6*u(m) - v(m). What is q(b)?
-27
Let i(l) = -l**3 - 24*l**2 + 63*l + 276. Let d be i(-26). Let y(h) = 3*h**3 + 31*h**2 + 8*h - 4. Determine y(d).
16
Let f(u) be the third derivative of u**7/2520 + u**6/360 - u**5/30 - 17*u**4/12 + u**2 - 86*u. Let p(c) be the third derivative of f(c). Determine p(-9).
-16
Suppose 3*g = -a - 56, -5*g - 4*a - 256 = -158. Let i(u) = u**3 + 17*u**2 - 18*u - 1. Determine i(g).
-1
Suppose -107*k + 9*k = 1789*k. Suppose -2*m + 6 = 0, -3*o - 4*m + 9 + 3 = 0. Let f(r) = -r - r**3 + o*r - 24 + 6. What is f(k)?
-18
Let p(v) = -v**3 - 5*v**2 + 58*v + 236. Let j be p(-4). Let i(d) = 3*d + 25. Give i(j).
-11
Let y(t) = -t**2 + 4*t + 3. Let b = 1430 + -1431. Let q(v) = v + 4. Let z be q(3). Let f = b + z. Give y(f).
-9
Let f(o) = 112 - 182 + 53 + 6*o - 5*o. What is f(3)?
-14
Suppose -7*g = -3*m - 8*g + 17, 0 = -g + 2. Let u(q) = q**2 - q - 1. Let w(h) = h**2 - 1. Let k(t) = -5*u(t) + 4*w(t). Determine k(m).
1
Let n(q) = q**3 - 8*q**2 + 7*q - 7. Let o be 35/11 - 6/33. Let v = 4 + o. Let s = 0 + v. What is n(s)?
-7
Let i(p) = p**2 - 6*p. Suppose 6*n = -2 - 58. Let o be 3/(n/9 - -1). Let v = 34 + o. Give i(v).
7
Let j(n) = -n**3 + 4*n**2 - 4*n + 13. Suppose 2*h - 68 = -11*h - 3. Calculate j(h).
-32
Let p(r) = 5*r**2 + 33*r + 9. Let u be (-5796)/210 + 22 + 2/(-5). Determine p(u).
-9
Let n(k) be the first derivative of 6*k + 2 - 8*k - 13 + k**2. Suppose 2*p = 5*z - 3*p, -4*z - 5 = -5*p. Determine n(z).
8
Let p(z) = -2*z + 3*z + 176 + 3*z - 6*z. Let l be p(0). Let h(b) = 178 + 0*b - l - b. What is h(-4)?
6
Let u(h) = -h**2 - 3*h + 5. Let b = 550 + -292. Let x = b - 261. Determine u(x).
5
Let a(y) = 8*y**3 + 27*y**2 - 27*y + 4. Let s(c) = 5*c**3 + 14*c**2 - 15*c + 2. Let j(q) = -3*a(q) + 5*s(q). Give j(10).
-42
Let h(g) = g**2 - 8*g + 15. Let y(u) = -u**3 - 14*u**2 + 2*u + 318. Let n be y(-12). What is h(n)?
3
Let b(k) = k**2 + 7*k + 3. Let l be b(-7). Suppose -2*v - l*v + 45 = 0. Let t(c) = -13 + 0 + 3 - 21*c + 23*c - 3. Calculate t(v).
5
Let i(g) = 5*g + 51. Let j(w) = 8*w + 82. Let m(h) = 4*i(h) - 3*j(h). Give m(-7).
-14
Let p(v) = -22*v - 3. Suppose 4*h = -q + 3*h + 4, 10*h = -3*q + 47. Calculate p(q).
19
Let l(z) = 3*z**3 + 2*z**2 - 5*z - 2. Let h(k) = 7*k**3 + 4*k**2 - 12*k - 6. Let o(r) = -2*h(r) + 5*l(r). What is o(0)?
2
Suppose 26*n - 1 = 27*n. Let g(p) = 4*p - 2. Let t be g(1). Let i(f) = f - f**t - 25*f**3 - 3*f - 1 + 0*f. Determine i(n).
25
Let o(w) = 7*w**3 + 7*w**2 - 4*w + 4. Let b(a) = -a**3 + a + 1. Suppose 20*r = r 